4716 = -12*y. Let s = y + 558. List the prime factors of s.
3, 5, 11
Let z(j) = 2*j + 40. List the prime factors of z(-8).
2, 3
Suppose 32*c - 36*c = -360. Let j = -29 + c. What are the prime factors of j?
61
Let u be -3 - (2 + 607) - -4. Let w = 882 + u. List the prime factors of w.
2, 137
Suppose -i = -4*u - 17, -2*i - 2*u = -5*u - 14. Let x(m) = -4*m**2 - 2*m - 1. Let o be x(-1). Let q = i - o. List the prime factors of q.
2
Let k(q) be the second derivative of -7*q**3/6 - 7*q**2 + 14*q. Let b be k(-4). List the prime factors of (-4480)/(-98) + 4/b.
2, 23
Let o be ((-4)/(-2))/(4/6). Suppose -34 = -8*f + 6. Suppose 55 = o*d - f. What are the prime factors of d?
2, 5
What are the prime factors of 481 - (6 - 4) - 2?
3, 53
Suppose -5*i - 38 = -33. What are the prime factors of (13*i)/(16/(-80))?
5, 13
Suppose g = 3*g - 168. Suppose 3*a = j - 287, a = 2*a + 2*j + g. Let s = a - -145. What are the prime factors of s?
3, 17
Let c be (-128)/(-68) + 6/51. Suppose -3*u = -c*w + 139, u = 2*w + 33 - 178. What are the prime factors of w?
2, 37
Let u(k) = -273*k + 184. What are the prime factors of u(-4)?
2, 11, 29
Let k(n) = 6*n**2 - 7*n - 7. Let q be k(7). Suppose -3*b = -8*b + 4*w + q, -3*b + 144 = -3*w. Suppose -6*t + b = -4*t. List the prime factors of t.
23
Suppose -4*i + 5*i = 3*k + 3103, 3*i = 3*k + 9321. What are the prime factors of i?
3109
Suppose 3*z = 20 - 8. Suppose 5*b - 110 = -3*r, -z*r + b + 132 = 4*b. What are the prime factors of r?
2, 3, 5
Suppose 3 = t - 0*t. Let n(k) = -k**3 - 3*k - 2 + t - 18*k**2 + k**2 + 3. What are the prime factors of n(-17)?
5, 11
Let q(m) = 5*m + 4. Let y be q(-6). Let a = 87 + y. Let j = a + -18. List the prime factors of j.
43
Let j be (1 - (4 + 5)) + -1. Let i(p) = -22*p - 9. List the prime factors of i(j).
3, 7
Let q(y) = -y**2 + 16*y - 16. Let o be q(15). Let w = 29 + o. What are the prime factors of w?
2, 7
Let t(y) be the first derivative of -y**4/2 - 8*y**3/3 - 3*y**2 + 6*y - 17. List the prime factors of t(-5).
2, 43
Suppose 4*w = -15 - 165. What are the prime factors of ((-30)/w)/(2/180)?
2, 3, 5
Let v = -7978 - -11932. What are the prime factors of v?
2, 3, 659
What are the prime factors of (((-156492)/90)/9)/((-2)/10)?
2, 3, 7, 23
Let j = 44 + -22. Let n = j + 94. Suppose 2*o - n = -3*y - 2*o, -2*y - o = -84. List the prime factors of y.
2, 11
Suppose 0 = -12*v + 13*v + 14. Let x = v - -65. List the prime factors of x.
3, 17
Let t(s) be the third derivative of s**4/12 - 11*s**3/6 - 6*s**2. Let p be t(8). Suppose -110 = -p*o - g, -59 = -o - 3*o + 5*g. What are the prime factors of o?
3, 7
Let a = 0 + 5. Suppose 5 - 20 = -a*w. What are the prime factors of (-26)/3*(0 - w)?
2, 13
Let b(m) = 0 + 3 + m**3 - m + 0. Let h be b(-3). What are the prime factors of -4*3/(-12) - h?
2, 11
Suppose -3334 = -4*c + v, 3*c + 0*c + 2*v - 2506 = 0. What are the prime factors of c?
2, 3, 139
Suppose 2*u + 1 = 5. Suppose 0*i - u*i = -4. Suppose i*y - j - 19 = 0, -11 = -y + 5*j + 3. List the prime factors of y.
3
Let y(a) be the second derivative of 1/20*a**5 - 2*a**2 + 0 - 4*a + 1/6*a**3 + 7/12*a**4. List the prime factors of y(-3).
29
Let v be (-1)/2 + (-15)/(-6). List the prime factors of (-1 - -1) + v*735/10.
3, 7
Suppose 5543 = 9*o - 9028. List the prime factors of o.
1619
Suppose 0 = -14*q + 5*q + 3006. What are the prime factors of q?
2, 167
Suppose 228 = q + 15. Suppose -l - q = -281. What are the prime factors of l?
2, 17
Suppose 5*h = -n + 102, -2*n + 3*h - 4*h + 159 = 0. Let l = n + 3. List the prime factors of l.
2, 5
Let d(x) = 70*x - 32. What are the prime factors of d(2)?
2, 3
Let p = 79 - 77. List the prime factors of (2 + 12)*17/p.
7, 17
Suppose 0 = 3*b - 4*i - 23, -7*b - 4*i + 12 = -3*b. Suppose 0 = b*a + 3*a - 472. List the prime factors of a.
59
Let y = -65 + 70. Suppose 198 = y*r + r. List the prime factors of r.
3, 11
Suppose 4*a + 60 = -a. Let p = a + 12. Suppose 7*m - 2*m - 120 = p. List the prime factors of m.
2, 3
Suppose 0 = g + 5*q - 9 + 3, q = 3*g - 18. Suppose -g*u + 2*u = 0. Suppose 2*t + w + 5 - 25 = u, 3*t + 3*w = 30. List the prime factors of t.
2, 5
Let j = -20 + 25. Let d be j/10 - 138/4. Let y = 75 + d. List the prime factors of y.
41
Let r(y) = 82*y**2 - 33*y - 16. List the prime factors of r(4).
2, 3, 97
Let n = -90 - -96. What are the prime factors of (182/n)/(2/12)?
2, 7, 13
Suppose 15*f - 11*f = 200. Suppose 4*a = -f + 162. What are the prime factors of a?
2, 7
Let u(k) = -9*k**2 - k**3 + 30*k + 11 + 4*k**2 - 5*k. List the prime factors of u(-8).
3
What are the prime factors of (((-13848)/20)/(-6))/((-3)/(-30))?
2, 577
Suppose -2857 + 152 = -5*i. What are the prime factors of i?
541
Let t = -1141 + 2004. List the prime factors of t.
863
Let o(q) = q - 11. Let u be o(11). Suppose u = -0*w + 4*w - 12. Suppose 0 = w*n - 5*v - 58, -n = -v + 2*v - 14. List the prime factors of n.
2
Let z = 2 - 3. List the prime factors of (z + 0)/(8/(-576)).
2, 3
Let z = -28 + 73. Let o be (-17)/2 - z/30. What are the prime factors of ((-12)/o)/(3/15)?
2, 3
What are the prime factors of (-96)/(-36)*(-402)/(-4)?
2, 67
Let w(m) = -2*m**2 + m. Let n be w(-2). Let a = 17 + n. Let h = a + 11. List the prime factors of h.
2, 3
Suppose -55*v + 93*v - 168074 = 0. List the prime factors of v.
4423
Let t = -57 - -94. What are the prime factors of t?
37
What are the prime factors of 38/(-209) - (-15318)/33?
2, 29
Suppose 3*o + 860 = 308. Let z = o - -367. What are the prime factors of z?
3, 61
Let g(p) = -p**2 - 13*p + 17. Let m be g(-14). Suppose 0 = m*w - 5*w. Let q = w + 28. What are the prime factors of q?
2, 7
Let p(h) = 123*h - 34. What are the prime factors of p(21)?
2549
Let f = -14 - 8. Suppose 100 = -4*k + 292. Let c = k + f. What are the prime factors of c?
2, 13
Let d = -610 - -2059. List the prime factors of d.
3, 7, 23
Let m = -32 - -29. Let r be (m - -7)*(-1)/(-1). Suppose 2*k = -2*a + r*a + 40, 2*k + 4*a = 64. List the prime factors of k.
2, 3
Suppose -30 = 9*f - 12*f. Suppose -4*g = -f*g + 840. What are the prime factors of g?
2, 5, 7
Suppose -10*r + 13*r - 1161 = 0. Let p = -228 + r. List the prime factors of p.
3, 53
Let m(z) = 4*z**2 + 55*z - 80. List the prime factors of m(-33).
23, 107
Let t = -1632 + 1877. List the prime factors of t.
5, 7
Let p be 4536/(-91) - 1/(13/2). Let g = p + 166. What are the prime factors of g?
2, 29
Let r = 18 - 13. What are the prime factors of 2/r - (946/(-10) - -2)?
3, 31
Suppose -17*s = -16*s + 1. Let k = 52 + s. What are the prime factors of k?
3, 17
Suppose 4*n - 3*d = 21, -2*n + 2*d + 10 = -0*d. Let c = 9 - n. Suppose -4*b = -x + 36, -2*x + 64 = -b - c*b. List the prime factors of x.
2, 7
Suppose 0 = -13*m - 2*m - 15. Let h(l) = 11*l**2 - 4*l + 9*l**2 + l - 2. List the prime factors of h(m).
3, 7
Let u(m) = -m**2 + 20*m - 34. Let r be u(18). Suppose r*o - 8*o + 348 = 0. List the prime factors of o.
2, 29
Suppose -14*n + 4093 + 3775 = 0. What are the prime factors of n?
2, 281
Let a = -22 - -45. Suppose -a = 2*v - 5. What are the prime factors of ((-6)/2)/(-1) - v?
2, 3
Let u(t) = 23 - 7*t - 8 - 29. What are the prime factors of u(-7)?
5, 7
Suppose 2*l - 42 = -5*b, -2*l + 5*b + 38 = l. Suppose 4*k = 16, -k + l = -z + 3*k. Let p(c) = -c**3 + c**2 + c + 28. What are the prime factors of p(z)?
2, 7
Suppose -3*u + 1651 = 5*g, 4*u + 3*g = -2*g + 2208. List the prime factors of u.
557
Let t = -9 - -12. Suppose 2*c + 3*d - 4 = 4*d, -12 = -t*d. Suppose c*a = 3*a + 26. What are the prime factors of a?
2, 13
Let v be (1/3)/(2/156). Let o = 42 - v. What are the prime factors of o?
2
Let j(t) = t + 12 + 8 - t**2 - 5. Let a be j(0). Suppose 0 = -4*k + k - 12, 0 = -r - 2*k + a. What are the prime factors of r?
23
Let y(s) = 2*s**2 - 3*s + 2. Let b be y(2). Let n be b/(-1) + 4 - -3. Suppose 0*t + n*t - 21 = 0. What are the prime factors of t?
7
Let r(n) = n - 5. Let v be r(8). Let t(w) = 3*w + 0 + 5*w - 4 - 3*w. List the prime factors of t(v).
11
Let d be (-124)/(-16) - 3/4. Let m(g) = -5*g + 30. Let x be m(6). Suppose x = 5*n - d*n + 44. What are the prime factors of n?
2, 11
Suppose -8*q + 5*q + 296 = m, 3*q - 292 = m. List the prime factors of q.
2, 7
Let y = -151 + 257. Suppose 3*c = -4*z + 133, -2*c = 3*z - c - y. List the prime factors of z.
37
Let a = 331 + -